.
2, 5, 13, 409
What are the prime factors of 8364?
2, 3, 17, 41
What are the prime factors of 1124?
2, 281
What are the prime factors of 134904?
2, 3, 7, 11, 73
List the prime factors of 1058.
2, 23
What are the prime factors of 11529?
3, 7, 61
What are the prime factors of 2560?
2, 5
What are the prime factors of 5015?
5, 17, 59
List the prime factors of 15748.
2, 31, 127
List the prime factors of 11005.
5, 31, 71
List the prime factors of 2584.
2, 17, 19
What are the prime factors of 28135?
5, 17, 331
List the prime factors of 48.
2, 3
What are the prime factors of 18152?
2, 2269
List the prime factors of 45358.
2, 22679
What are the prime factors of 253?
11, 23
List the prime factors of 9355.
5, 1871
What are the prime factors of 97?
97
List the prime factors of 27183.
3, 13, 17, 41
List the prime factors of 667.
23, 29
What are the prime factors of 16663?
19, 877
List the prime factors of 4303.
13, 331
List the prime factors of 77.
7, 11
What are the prime factors of 3215?
5, 643
List the prime factors of 1006.
2, 503
What are the prime factors of 2285?
5, 457
What are the prime factors of 294?
2, 3, 7
List the prime factors of 4050.
2, 3, 5
List the prime factors of 202798.
2, 101399
List the prime factors of 1514.
2, 757
List the prime factors of 33562.
2, 97, 173
List the prime factors of 1505.
5, 7, 43
What are the prime factors of 455?
5, 7, 13
List the prime factors of 106549.
47, 2267
List the prime factors of 6894.
2, 3, 383
What are the prime factors of 479?
479
List the prime factors of 43895.
5, 8779
List the prime factors of 59354.
2, 59, 503
What are the prime factors of 5164?
2, 1291
What are the prime factors of 1480?
2, 5, 37
List the prime factors of 159.
3, 53
List the prime factors of 1976.
2, 13, 19
List the prime factors of 84567.
3, 7, 4027
List the prime factors of 3427.
23, 149
List the prime factors of 2164.
2, 541
What are the prime factors of 87752?
2, 7, 1567
List the prime factors of 1080.
2, 3, 5
List the prime factors of 51627.
3, 17209
What are the prime factors of 7283?
7283
List the prime factors of 8926.
2, 4463
List the prime factors of 157.
157
What are the prime factors of 25740?
2, 3, 5, 11, 13
What are the prime factors of 2404?
2, 601
What are the prime factors of 473?
11, 43
List the prime factors of 18583.
18583
What are the prime factors of 41044?
2, 31, 331
List the prime factors of 10797.
3, 59, 61
List the prime factors of 2640.
2, 3, 5, 11
What are the prime factors of 3287?
19, 173
List the prime factors of 56929.
56929
What are the prime factors of 36128?
2, 1129
What are the prime factors of 3795?
3, 5, 11, 23
What are the prime factors of 3120?
2, 3, 5, 13
What are the prime factors of 61389?
3, 19, 359
What are the prime factors of 54544?
2, 7, 487
List the prime factors of 301.
7, 43
List the prime factors of 6367.
6367
What are the prime factors of 25535?
5, 5107
List the prime factors of 3190.
2, 5, 11, 29
What are the prime factors of 1785?
3, 5, 7, 17
What are the prime factors of 1613?
1613
What are the prime factors of 1609?
1609
List the prime factors of 6018.
2, 3, 17, 59
List the prime factors of 12866.
2, 7, 919
What are the prime factors of 5957?
7, 23, 37
List the prime factors of 80.
2, 5
What are the prime factors of 361?
19
List the prime factors of 126.
2, 3, 7
What are the prime factors of 1612?
2, 13, 31
List the prime factors of 3090.
2, 3, 5, 103
List the prime factors of 583.
11, 53
What are the prime factors of 2106?
2, 3, 13
List the prime factors of 1650.
2, 3, 5, 11
What are the prime factors of 146368?
2, 2287
What are the prime factors of 5927?
5927
What are the prime factors of 167?
167
What are the prime factors of 21163?
21163
What are the prime factors of 3908?
2, 977
What are the prime factors of 840?
2, 3, 5, 7
What are the prime factors of 3332?
2, 7, 17
What are the prime factors of 30194?
2, 31, 487
List the prime factors of 11330.
2, 5, 11, 103
List the prime factors of 3317.
31, 107
What are the prime factors of 902?
2, 11, 41
What are the prime factors of 6708?
2, 3, 13, 43
List the prime factors of 267.
3, 89
List the prime factors of 834.
2, 3, 139
What are the prime factors of 2644?
2, 661
List the prime factors of 15221.
31, 491
What are the prime factors of 9155?
5, 1831
List the prime factors of 31040.
2, 5, 97
What are the prime factors of 21462?
2, 3, 7, 73
What are the prime factors of 39728?
2, 13, 191
List the prime factors of 1626.
2, 3, 271
What are the prime factors of 3949?
11, 359
List the prime factors of 10820.
2, 5, 541
List the prime factors of 743.
743
What are the prime factors of 74718?
2, 3, 7, 593
What are the prime factors of 123169?
123169
List the prime factors of 277.
277
List the prime factors of 196.
2, 7
What are the prime factors of 278?
2, 139
List the prime factors of 47706.
2, 3, 7951
What are the prime factors of 59615?
5, 11923
What are the prime factors of 7429?
17, 19, 23
What are the prime factors of 1096?
2, 137
List the prime factors of 805.
5, 7, 23
What are the prime factors of 74308?
2, 13, 1429
List the prime factors of 4000.
2, 5
What are the prime factors of 28836?
2, 3, 89
List the prime factors of 21633.
3, 7211
List the prime factors of 14025.
3, 5, 11, 17
List the prime factors of 344.
2, 43
What are the prime factors of 54020?
2, 5, 37, 73
What are the prime factors of 156?
2, 3, 13
What are the prime factors of 16924?
2, 4231
What are the prime factors of 2521?
2521
What are the prime factors of 432?
2, 3
What are the prime factors of 6055?
5, 7, 173
What are the prime factors of 10043?
11, 83
What are the prime factors of 572?
2, 11, 13
List the prime factors of 4109.
7, 587
List the prime factors of 1804.
2, 11, 41
What are the prime factors of 8438?
2, 4219
List the prime factors of 9461.
9461
What are the prime factors of 17590?
2, 5, 1759
List the prime factors of 125.
5
What are the prime factors of 1349?
19, 71
List the prime factors of 182.
2, 7, 13
List the prime factors of 177660.
2, 3, 5, 7, 47
List the prime factors of 38400.
2, 3, 5
List the prime factors of 164.
2, 41
List the prime factors of 8438.
2, 4219
List the prime factors of 1554.
2, 3, 7, 37
What are the prime factors of 10515?
3, 5, 701
List the prime factors of 22625.
5, 181
List the prime factors of 8452.
2, 2113
What are the prime factors of 1396?
2, 349
What are the prime factors of 7221?
3, 29, 83
What are the prime factors of 1185?
3, 5, 79
What are the prime factors of 8855?
5, 7, 11, 23
List the prime factors of 34337.
34337
List the prime factors of 30343.
19, 1597
List the prime factors of 1215.
3, 5
List the prime factors of 2353.
13, 181
What are the prime factors of 55826?
2, 103, 271
List the prime factors of 1315.
5, 263
List the prime factors of 4544.
2, 71
List the prime factors of 3343.
3343
List the prime factors of 1262.
2, 631
What are the prime factors of 4716?
2, 3, 131
List the prime factors of 84225.
3, 5, 1123
List the prime factors of 72924.
2, 3, 59, 103
List the prime factors of 5971.
7, 853
List the prime factors of 16405.
5, 17, 193
List the prime factors of 14862.
2, 3, 2477
What are the prime factors of 108?
2, 3
List the prime factors of 2267.
2267
List the prime factors of 1433.
1433
List the prime factors of 107043.
3, 31, 1151
What are the prime factors of 116196?
2, 3, 23, 421
List the prime factors of 264.
2, 3, 11
List the prime factors of 12724.
2, 3181
What are the prime factors of 1064?
2, 7, 19
List the prime factors of 2853.
3, 317
List the prime factors of 6152.
2, 769
What are the prime factors of 110155?
5, 22031
What are the prime factors of 163587?
3, 31, 1759
What are the prime factors of 35055?
3, 5, 19, 41
What are the prime factors of 333?
3, 37
What are the prime factors of 11400?
2, 3, 5, 19
What are the prime factors of 22602?
2, 3, 3767
List the prime factors of 7895.
5, 1579
What are the prime factors of 1364?
2, 11, 31
List the prime factors of 18193.
7, 23, 113
List the prime factors of 40841.
40841
What are the prime factors of 2337?
3, 19, 41
What are the prime factors of 1525?
5, 61
List the prime factors of 3030.
2, 3, 5, 101
What are the prime factors of 2338?
2, 7, 167
List the prime factors of 486.
2, 3
List the prime factors of 4534.
2, 2267
What 